ed by 11?
9
Let v(y) = -14*y. Let h = -39118 - -39181. Calculate the remainder when h is divided by v(-1).
7
What is the remainder when 74 is divided by 130/7 - (-6 - (-39)/7)?
17
Suppose -297 = -13*g - 50. What is the remainder when g is divided by 4?
3
Let a = -13 - -122. Calculate the remainder when a is divided by 62.
47
Calculate the remainder when 221 is divided by 106*14/(-12)*(-36)/84.
9
Let q(k) = k**2 + 2*k - 6. Suppose 4*u - 52 = 5*p, -7*u + 44 = -4*p - 3*u. What is the remainder when (-611)/(-7) + p/28 is divided by q(4)?
15
Suppose -13 - 53 = 3*v. Let l = 38 + v. Suppose 2*h + 5*b = 2*b + 27, 3*h + b - 30 = 0. What is the remainder when l is divided by h?
7
Let d(i) = 3*i + 3. Suppose g = 2*c - 17, c + g + 0 = 7. What is the remainder when d(c) is divided by 6/(-9)*21/(-2)?
6
Calculate the remainder when (110/(-5))/(-88) - 22/(-8) is divided by 3.
0
Suppose 2*t + 20 = 80. Let j = t + 94. Calculate the remainder when j is divided by 32.
28
Suppose -3*m = -8*m - 85. Let j = m - -25. Suppose -4*k + 8 = -j, 5*r = -3*k + 202. What is the remainder when 111 is divided by r?
35
Let j be (-4)/14 + 2/7. Let r(w) = -w**3 + 4*w**2 + 7*w - 4. Let i be r(5). Suppose -x + i*x - 235 = j. Calculate the remainder when x is divided by 10.
7
Let p(r) = -5*r - 70. Calculate the remainder when 37 is divided by p(-15).
2
Suppose 0 = k - 3 - 1. Suppose -k*b - 4*b = -696. Calculate the remainder when b is divided by 15.
12
Let r be (-1 - 7)/(-6 + 7). Let u = 14 + r. What is the remainder when 186/18 + (-2)/u is divided by 4?
2
Let s(o) = -16*o - 56. Suppose 16 = 4*x, 4 = n + 4*x - x. Calculate the remainder when s(n) is divided by 15.
12
Calculate the remainder when ((-26)/(-39))/((-2355)/(-783) + -3) is divided by ((-44)/16)/((-1)/4).
10
Let s(c) = -c**3 - 5*c**2 - 5*c - 2. Calculate the remainder when s(-6) is divided by 35.
29
Let f(w) = -w**3 - 6*w**2 + 9*w + 72. Let y(t) = -t**3 + 3*t**2 + 6*t - 6. Let r be y(4). What is the remainder when ((-2)/(-3))/(r/57) is divided by f(-4)?
3
Let w(g) = 59*g**2 - 1. Suppose -3*i + 903 = 885. What is the remainder when w(-1) is divided by i?
4
Let a(c) = 2*c**2 + 12*c - 49. Let y = -18 - -34. What is the remainder when a(-11) is divided by y?
13
Let p(b) = -b**2 + 8*b + 36. Calculate the remainder when p(6) is divided by 13.
9
Suppose 4*c - 4 = 4*v, -23 = 4*c + 3*v + 2*v. Calculate the remainder when 39 is divided by ((-11)/c)/(2/4).
6
Suppose -4*b + 10 + 10 = 0. Suppose b*t = -13 + 53. Suppose -h + r + 7 = 0, 24*h - 29*h + 65 = r. Calculate the remainder when h is divided by t.
4
Suppose 0*h - 2*h + 66 = 0. Let a = -13798 + 13927. What is the remainder when a is divided by h?
30
Suppose 92*o = 77*o + 990. Calculate the remainder when o is divided by 35.
31
Suppose 5*d = 19*d - 14. Calculate the remainder when 15 is divided by d.
0
Let o(c) = 17*c + 10. What is the remainder when 53 is divided by o(0)?
3
Let k = -17 - -18. Let w(b) = 2*b**2 - 10*b + 5. What is the remainder when w(8) is divided by k/(-5) - (-182)/10?
17
Suppose 11*v = 33 + 11. Suppose -v*j - 4*l + 192 = 0, -3*j - 3*l + 248 = 2*j. Calculate the remainder when j is divided by 21.
10
Suppose 14*b - 7 = 133. Suppose -4*f = -9*f - 3*s + 96, -84 = -5*f + 3*s. What is the remainder when f is divided by b?
8
Let f = -15 - -89. Let p = -46 - -97. Suppose -4*d + p = -25. What is the remainder when f is divided by d?
17
Suppose -5*w = -3*u - 3*w - 9, 5*w = u - 10. Let q(b) = -6*b - 2 + 5*b - b + b. What is the remainder when 10 is divided by q(u)?
1
Suppose -x - 5*b = 2*x + 12, -3*b = -2*x - 8. Let t(w) = w**2 - 8*w + 8. What is the remainder when (5*x/(-60))/((-1)/(-6)) is divided by t(7)?
0
Let f = 60 - 130. Let l = -21 - f. What is the remainder when l is divided by 17?
15
Let s = 14 + -14. Suppose s = -6*n - 0*n + 888. Suppose -n = -3*b - b. Calculate the remainder when b is divided by 19.
18
Let w(z) = 6 - 17 + 2*z - 14. What is the remainder when 15 is divided by w(14)?
0
Suppose 2*o = -5*k + 29, 47 = -o + 4*o + 4*k. Calculate the remainder when o is divided by 9.
8
Suppose 5*y - 171 = 4*u, 6*u + 20 = u. Let f = -567 - -584. What is the remainder when y is divided by f?
14
Let n(t) = t - 25 + 0*t + 26 - 67*t**3. Suppose -4*g + 19 = -3*r, 0 = -3*r - 3*g - g + 13. What is the remainder when n(r) is divided by 34?
33
Suppose 3*d + 4 = 13. Suppose j + d*w + 0*w - 50 = 0, -2*w = j - 45. Let t = 45 + -36. What is the remainder when j is divided by t?
8
Let t be -2 + (-8*1 - -3). What is the remainder when 58 is divided by (-28)/6*18/t?
10
Suppose -2*x + 3*z + 45 = 0, 0*x - 10 = -2*x - 4*z. What is the remainder when ((-6)/x)/(9/(-1170)) is divided by 14?
10
Suppose -h = -6*h + 25. Suppose -5*c + h = 0, 3*u = u + 4*c + 12. Calculate the remainder when 38 is divided by u.
6
Suppose 0*l - l - 2 = 0. Suppose -4*m - 3*v + 55 = 0, 5*v = 4*m + 4*v - 67. Let r = m + l. Calculate the remainder when r is divided by 6.
2
Let z = 595 - 581. What is the remainder when 190 is divided by z?
8
Suppose -4*t = -6*t + 6. Suppose -588 = -t*k - 3*k. Calculate the remainder when k is divided by 25.
23
Suppose -14*v = -9*v. Suppose v*p = -3*p. Suppose p = 4*z - 62 + 18. What is the remainder when 31 is divided by z?
9
Let o = 107 + -80. What is the remainder when 377 is divided by o?
26
Let d = -10 - -20. Suppose -399 = -3*z - 2*n, -498 = -4*z - 46*n + 49*n. Calculate the remainder when z is divided by d.
9
Suppose -4*t - 47 = -5*c - 0*t, 2*c - 30 = -4*t. What is the remainder when c is divided by 4?
3
Let c = -50 + 54. Calculate the remainder when -9*c/(-12) - -13 is divided by 6.
4
Let b(h) = -22*h - 125. Suppose 13 + 53 = 3*g. Calculate the remainder when g is divided by b(-6).
1
Let v be ((-2)/(-2))/((-2)/(-50)). Suppose -5*o - 242 = -207. Let p = o + v. Calculate the remainder when 34 is divided by p.
16
Let n(q) = -q**3 + q**2 + q. Let t be n(-1). Let p = 10 + -6. What is the remainder when 3 - t - 95/(-19) is divided by p?
3
Suppose z = -z + 6. Let q be -5*(3 + (-6 - -2)). Suppose 0 = q*i - 123 + z. Calculate the remainder when 95 is divided by i.
23
Suppose -3*s = 2*u - 2, -5*u - 6 + 0 = 2*s. Calculate the remainder when 87 is divided by 23/2 - s/4.
10
Let y = 17 - 6. Suppose -24*i + 235 = -29*i. Let v = -16 - i. Calculate the remainder when v is divided by y.
9
Suppose 4*l - 88 = 116. Suppose -l = -5*i + 9. What is the remainder when 107 is divided by i?
11
Let m(k) = k**2 - 2*k. Let v be m(3). Let l(n) = -n**2 - 3*n + 6. Let g be l(-4). What is the remainder when 63 is divided by -11*v*g/(-3)?
19
Let y(g) be the third derivative of 0*g**3 + 1/60*g**5 + 0 + 2*g**2 + 0*g - 1/24*g**4. Calculate the remainder when y(5) is divided by 8.
4
Suppose -4*s = -5*z - 39 + 14, 4*z + 20 = 3*s. What is the remainder when 61 is divided by 6/(-24) + (s - (-130)/8)?
13
Suppose 4*s + 3*l = 5*s - 6, -3*s + 43 = -4*l. Calculate the remainder when 436 is divided by s.
16
Suppose 0 = -252*z + 255*z - 1455. What is the remainder when z is divided by 70?
65
Suppose 3*j - 119 = -f, -8*j + 525 = 5*f - 7*j. Calculate the remainder when f is divided by 15.
14
Let w = 117 - -62. Suppose 22 = c + 2*q, 0 = 3*c - 2*c - 4*q - 10. Calculate the remainder when w is divided by c.
17
Let z = 425 - 204. What is the remainder when z is divided by 15?
11
Let t = 35 + -32. Suppose -2*d - 3 = t, -2*x = 4*d - 30. Calculate the remainder when -122*2*2/(-8) is divided by x.
19
Let k(c) = 3*c - 2. Let t(f) = -f**3 + 7*f**2 - 2*f. Let u be t(7). Let y = -10 - u. Calculate the remainder when k(4) is divided by y.
2
Suppose 0 = -4*s - 2*i + 994, -5*s + 607 = -2*i - 631. Calculate the remainder when s is divided by 83.
82
Let u(a) = -a**2 - 35*a + 42. Calculate the remainder when u(-33) is divided by 26.
4
Let s = -1033 - -1053. Suppose 5*q + 7 = -j + 31, 5*j + 4*q - 36 = 0. Suppose -2*v - j + s = 0. Calculate the remainder when 15 is divided by v.
7
Let m be (-2)/(1/(-2) - 12/(-16)). Calculate the remainder when 23 is divided by 6 + (-7)/(28/m).
7
Let j = 6 - -2. Calculate the remainder when (j/3)/(10/135*3) is divided by 2.
0
Suppose 5*h - 57 = 18. Suppose 3*r = 3*a, -5*r + 0*a = -4*a - 4. Suppose 56 = 2*i + r*y, -y = -4*i + 6*i - 56. What is the remainder when i is divided by h?
13
Let n(m) = 3*m**3 - m**2 - 4.